en l is divided by g.
3
Let f be 4364/14 - 4/(-14). Suppose 0*y = 11*y. Suppose 3*r - f = -4*k - r, y = -2*k - 3*r + 157. Calculate the remainder when k is divided by 20.
17
Let s = -32 - -331. Calculate the remainder when s is divided by 16.
11
Let d = -6 + 18. Suppose 4*c = -4*i + 132, -c = i - 2*i - 33. What is the remainder when c is divided by d?
9
Suppose -3*y - 8*d + 9*d + 79 = 0, y - 4*d - 41 = 0. What is the remainder when 137 is divided by y?
12
Suppose 0 = 5*d + 3*u - 39, -4*d + 0*u = 2*u - 32. Let s = 14 - d. Suppose -3*t + s*t = 38. Calculate the remainder when 56 is divided by t.
18
Let g(u) = u + 83. What is the remainder when g(-43) is divided by 23?
17
Let t = -31 + 81. What is the remainder when t is divided by 26?
24
Suppose -5*a = -10, 216 + 3 = c + 4*a. What is the remainder when c is divided by 7?
1
Suppose -18 = -2*v - 4*z, -v - 4*z + 2 = 1. Let o = -3896 + 3929. Calculate the remainder when o is divided by v.
16
Let l = 2 + 0. Suppose 2*m - 128 = l*v, -6*m + 264 = -2*m + 4*v. What is the remainder when m is divided by 18?
11
Suppose -2*h - 12 = 3*s + s, 6 = -2*s. Let b(u) = -2*u + 41. Suppose -6*m + 66 = -3*m. Calculate the remainder when b(h) is divided by m.
19
Let d = -498 + 799. What is the remainder when d is divided by 61?
57
Let y(u) = u**3 - u**2 - 3*u - 5. Let r(v) = v**3 - 2*v - 4. Let b(a) = 4*r(a) - 5*y(a). Calculate the remainder when 41 is divided by b(6).
11
Suppose -4*s - 217 = -t, 4*t + 2*s = s + 817. Suppose t = 4*q - 3. Calculate the remainder when q is divided by 19.
14
Let o = 163 + -68. Suppose 0 = 5*g - 0*g - o. Calculate the remainder when 56 is divided by g.
18
Let g = -2033 + 2103. Suppose -2*i - 3*i = -60. Let v = 36 - i. What is the remainder when g is divided by v?
22
Suppose 0 = 4*p - 16, 2*p = 3*t - 10 + 153. Let j(v) = -26*v + 1. What is the remainder when j(-1) is divided by ((-7)/(-21))/((-1)/t)?
12
Suppose 25*n = 28*n - 30. Calculate the remainder when 266 is divided by n.
6
Suppose -3*l + 5 = z + 16, 4*z - 4 = 0. Let r(i) = -4*i + 7. What is the remainder when 44 is divided by r(l)?
21
What is the remainder when 448 is divided by (11/(-8))/((-6)/(-192)*-4)?
8
Let g(k) = -k**2 + 15*k - 8. Let v(u) = 5*u + 3. Calculate the remainder when v(6) is divided by g(13).
15
Let w = -25 - -109. What is the remainder when 289 is divided by w?
37
Let n = 1392 + -1367. What is the remainder when n is divided by 12?
1
Let q = 2055 + -1699. What is the remainder when q is divided by 60?
56
Let y be (-6)/3 - -4 - 47. Let t = y + 54. Calculate the remainder when t is divided by 3.
0
Let g(v) = 109*v + 107. Calculate the remainder when g(9) is divided by 91.
87
Suppose 4*z + 4*q - 18 = 10, -z + 27 = 5*q. Suppose 4*f = z*k - 50, -4*f - 25 = -k - f. What is the remainder when k is divided by 7?
4
Let t(n) = -12*n + 4. Let x be t(-2). Suppose -5*d + x = -117. Calculate the remainder when 113 is divided by d.
26
Suppose 22 = 4*l - 0*j + j, -2*l + 2*j = -6. Suppose 69 = l*c + 4*n, -c + n = -4*c + 40. Calculate the remainder when 63 is divided by c.
11
Suppose 3*y = h + 76, -322 = -y + 3*h - 294. Let i(o) = -o**2 + 4*o - 1. Let t be i(3). Suppose 0*r = t*r - 98. Calculate the remainder when r is divided by y.
24
Suppose -4*l + 125 = -5*s, 2*s + 10 = -l + 25. Let t be ((-32)/(-10))/(1/75). Suppose 120 = 5*f - t. What is the remainder when f is divided by l?
22
Let f(i) = -i**2 - 13*i - 9. Calculate the remainder when 3/((-1)/(164/(-12))) is divided by f(-10).
20
Suppose 101*y - 106*y = -2*i - 981, -5*y + i + 983 = 0. What is the remainder when y is divided by 34?
27
Let v = 49 + -3. Calculate the remainder when v is divided by -2 + -12 + (-18 - -50).
10
Let s = -316 + 371. What is the remainder when s is divided by 10?
5
Suppose -3*s + s = -16. Calculate the remainder when (-2)/4*(-68 - 1 - 5) is divided by s.
5
Calculate the remainder when ((-8)/10)/(6908/(-2300) - -3) is divided by 39.
35
Suppose 3*l + 2*l + 300 = 0. Let o = -38 - l. Calculate the remainder when 41 is divided by o.
19
Let c = -188 - -265. Suppose 5*z - 270 = -3*f, -z = -2*f - 2*f - c. Calculate the remainder when z is divided by 15.
12
Let w = 102 + 23. Let x = -25 + 57. Calculate the remainder when w is divided by x.
29
Suppose 235 + 1090 = 5*z. Suppose x = 5*i - 336, 4*i + 5*x - z = 2*x. What is the remainder when i is divided by 14?
11
Let a = 13 + -9. Suppose -19 + 91 = a*i. Suppose -3*d + 52 = q + i, -3*d = 3*q - 36. What is the remainder when 20 is divided by d?
9
Let o(u) = -u**3 - 30*u**2 - 39*u - 62. What is the remainder when o(-29) is divided by 48?
36
Let v(h) = 3*h - 17. Let k be v(7). Suppose -4*s - 4 = 0, -k = -5*o + 2*s + 2*s. Suppose o*m = -3*m + 144. What is the remainder when m is divided by 17?
14
Let q = 71 + -67. Suppose -2*j = -2*i + 12, -q*j = i + 2 - 33. What is the remainder when 53 is divided by i?
9
Let m = 934 - 930. What is the remainder when m is divided by 2?
0
Suppose n = -n + 8. Suppose -5*s + 56 = -54. Suppose -n + s = 3*f. Calculate the remainder when 21 is divided by f.
3
Let g(p) = p**3 - 4*p**2 - 5*p + 7. Suppose -3*a - a + 84 = 0. Let z = 26 - a. Calculate the remainder when g(z) is divided by 2.
1
Let l(o) = -9*o + 188. Calculate the remainder when 74 is divided by l(16).
30
Let f(k) = -k + 11. Let a be f(0). Let q = a + -9. Suppose q*z - 11 = 5. Calculate the remainder when z is divided by 5.
3
Calculate the remainder when 195 is divided by (-5 + 17)/(1 - 1/3).
15
Let h(b) = 5*b - 1. Let v be h(1). Let p(n) = -n - 1 + v + 0 - 1. Calculate the remainder when 17 is divided by p(-4).
5
Suppose 32*o - 5*s - 50 = 31*o, -o + 50 = s. Calculate the remainder when o is divided by -2 - ((-1 - -1) + -15).
11
Let n(i) = 6*i + 4. What is the remainder when n(8) is divided by 4/26 - (-696)/39?
16
Let f(d) be the second derivative of -d**3/6 + 7*d**2 - 31*d. Calculate the remainder when f(-4) is divided by 10.
8
Suppose 4*a + 224 + 187 = 5*c, -4*a - 95 = -c. Let s = 13 - 10. Suppose 17 = o + 5*h - s, -2*h - 40 = -2*o. Calculate the remainder when c is divided by o.
19
Let x(r) = -r**2 - 34*r - 66. Calculate the remainder when 233 is divided by x(-29).
75
Let l be 4/6 - (0 - (-93)/(-9)). Let c(g) = g**3 - 10*g**2 - 9*g + 11. What is the remainder when 118 is divided by c(l)?
19
Suppose 2*y + 3*y = 5, 4*y - 4 = 4*h. Suppose h = -x + 22 + 7. Let f(z) = z**2 - 6*z + 9. Calculate the remainder when x is divided by f(7).
13
Let s(k) = -7 + 2*k - 1 - 2*k - 2*k. What is the remainder when 1 - (-4 + -4) - -4 is divided by s(-8)?
5
Let m = 760 - 701. Calculate the remainder when m is divided by 39.
20
Let s(x) = x**3 + 6*x**2 + 5*x + 7. Let t be s(-7). Let b = 101 + t. Calculate the remainder when 68 is divided by b.
20
Suppose 0 = 2*q + 4*h, -3*q + h + 3*h = -40. Suppose -3*b = b - 204. Let k = -20 + b. Calculate the remainder when k is divided by q.
7
Suppose 2*g - 2*k + 30 = 0, -3*g + 5*g + k = -21. Calculate the remainder when 71 is divided by (-2)/4*g*3.
17
Suppose z = 4*z. Let l(q) = q**2 - 6*q - 8*q + 4*q + z*q**2 - 14. What is the remainder when 39 is divided by l(12)?
9
Suppose 1533 = 35*p - 42. Calculate the remainder when 179 is divided by p.
44
Suppose 2*p - 68 = -4*u + 64, 86 = 2*u - 4*p. Calculate the remainder when 242 is divided by u.
32
Suppose -o = -2*n + 103, 5*n - 188 - 63 = -4*o. Calculate the remainder when 206 is divided by n.
2
Suppose -298 + 58 = -5*u. Calculate the remainder when u is divided by 5.
3
Let r(i) = i + 6. Let o be r(0). Suppose -4*z + 2*w = -o*z + 50, -z + 27 = 2*w. What is the remainder when z is divided by 8?
7
Suppose -206 = -7*g + 949. Suppose 3*t - 240 = k - 4*k, 2*k = 3*t + g. What is the remainder when k is divided by 7?
4
Suppose 63*m - 513 - 4968 = 0. Calculate the remainder when m is divided by 18.
15
Calculate the remainder when 83 is divided by -10 + 49 - (-6)/1.
38
Calculate the remainder when (0 - 5) + (6 - -50) is divided by 19.
13
Let l = 121 - 120. Let r(p) = p**2 - 6*p - 5. Let n(h) = -h - 1. Let y(u) = -6*n(u) + r(u). What is the remainder when y(l) is divided by 2?
0
What is the remainder when (1172/(-5 + 9))/1 is divided by 6?
5
Let x(q) be the second derivative of q**4/12 + 5*q**3/2 - 3*q**2/2 + 20*q. What is the remainder when 76 is divided by x(-16)?
11
Let 